{"id":272,"date":"2024-06-13T14:12:12","date_gmt":"2024-06-13T12:12:12","guid":{"rendered":"https:\/\/compagnielaforetdor.fr\/?page_id=272"},"modified":"2024-07-07T13:34:07","modified_gmt":"2024-07-07T11:34:07","slug":"lequipe-aslan-guiassa","status":"publish","type":"page","link":"https:\/\/compagnielaforetdor.fr\/index.php\/lequipe-aslan-guiassa\/","title":{"rendered":"L&rsquo;\u00c9QUIPE &#8211; Asl\u00e2n GUIASSA"},"content":{"rendered":"\n<div class=\"wp-block-cover alignfull is-light\" style=\"min-height:224px;aspect-ratio:unset;\"><span aria-hidden=\"true\" class=\"wp-block-cover__background has-nv-site-bg-background-color has-background-dim-100 has-background-dim\"><\/span><div class=\"wp-block-cover__inner-container is-layout-flow wp-block-cover-is-layout-flow\">\n<div class=\"wp-block-group\"><div class=\"wp-block-group__inner-container is-layout-flow wp-block-group-is-layout-flow\">\n<div class=\"wp-block-columns are-vertically-aligned-center is-layout-flex wp-container-core-columns-is-layout-9d6595d7 wp-block-columns-is-layout-flex\">\n<div class=\"wp-block-column is-vertically-aligned-center is-layout-flow wp-block-column-is-layout-flow\" style=\"flex-basis:70%\">\n<h1 class=\"wp-block-heading has-text-align-left has-neve-text-color-color has-text-color\">Asl\u00e2n GUIASSA<\/h1>\n\n\n\n<p class=\"has-neve-text-color-color has-text-color\" style=\"font-size:22px\">Com\u00e9dien \/ Metteur en sc\u00e8ne \/ Musicien<\/p>\n<\/div>\n\n\n\n<div class=\"wp-block-column is-vertically-aligned-center is-layout-flow wp-block-column-is-layout-flow\" style=\"flex-basis:30%\"><\/div>\n<\/div>\n<\/div><\/div>\n<\/div><\/div>\n\n\n\n<div class=\"wp-block-cover alignfull is-light\" style=\"min-height:600px;aspect-ratio:unset;\"><span aria-hidden=\"true\" class=\"wp-block-cover__background has-nv-light-bg-background-color has-background-dim-100 has-background-dim\"><\/span><div class=\"wp-block-cover__inner-container is-layout-flow wp-block-cover-is-layout-flow\">\n<div class=\"wp-block-group\"><div class=\"wp-block-group__inner-container is-layout-flow wp-block-group-is-layout-flow\">\n<div class=\"wp-block-group\"><div class=\"wp-block-group__inner-container is-layout-constrained wp-block-group-is-layout-constrained\">\n<div style=\"height:60px\" aria-hidden=\"true\" class=\"wp-block-spacer\"><\/div>\n<\/div><\/div>\n\n\n\n<div class=\"wp-block-columns is-layout-flex wp-container-core-columns-is-layout-9d6595d7 wp-block-columns-is-layout-flex\">\n<div class=\"wp-block-column is-vertically-aligned-center is-layout-flow wp-block-column-is-layout-flow\" style=\"flex-basis:66.79%\">\n<div class=\"wp-block-columns are-vertically-aligned-center is-layout-flex wp-container-core-columns-is-layout-9d6595d7 wp-block-columns-is-layout-flex\">\n<div class=\"wp-block-column is-vertically-aligned-center is-layout-flow wp-block-column-is-layout-flow\" style=\"flex-basis:80%\"><div class=\"wp-block-image\">\n<figure class=\"aligncenter size-large\"><img loading=\"lazy\" decoding=\"async\" width=\"1024\" height=\"1024\" src=\"http:\/\/compagnielaforetdor.fr\/wp-content\/uploads\/2024\/03\/DSC_1167-scaled-e1711645586879-1024x1024.jpg\" alt=\"Asl\u00e2n Guiassa\" class=\"wp-image-90\" srcset=\"https:\/\/compagnielaforetdor.fr\/wp-content\/uploads\/2024\/03\/DSC_1167-scaled-e1711645586879-1024x1024.jpg 1024w, https:\/\/compagnielaforetdor.fr\/wp-content\/uploads\/2024\/03\/DSC_1167-scaled-e1711645586879-300x300.jpg 300w, https:\/\/compagnielaforetdor.fr\/wp-content\/uploads\/2024\/03\/DSC_1167-scaled-e1711645586879-150x150.jpg 150w, https:\/\/compagnielaforetdor.fr\/wp-content\/uploads\/2024\/03\/DSC_1167-scaled-e1711645586879-768x768.jpg 768w, https:\/\/compagnielaforetdor.fr\/wp-content\/uploads\/2024\/03\/DSC_1167-scaled-e1711645586879-1536x1536.jpg 1536w, https:\/\/compagnielaforetdor.fr\/wp-content\/uploads\/2024\/03\/DSC_1167-scaled-e1711645586879.jpg 1820w\" sizes=\"auto, (max-width: 1024px) 100vw, 1024px\" \/><\/figure>\n<\/div><\/div>\n<\/div>\n<\/div>\n\n\n\n<div class=\"wp-block-column is-vertically-aligned-center is-layout-flow wp-block-column-is-layout-flow\" style=\"flex-basis:50%\">\n<p>Avant de commencer le th\u00e9\u00e2tre, Asl\u00e2n se penche vers la musique. De 2009 \u00e0 2012 il chante en tant que <strong>soliste dans une chorale<\/strong> avec <em>La Ma\u00eetrise de N\u00eemes<\/em>.<\/p>\n\n\n\n<p>De 2015 \u00e0 2017, Asl\u00e2n traverse d\u00e9j\u00e0 des pi\u00e8ces comme <em>Stabat Mater Furiosa de Jean-Pierre Sim\u00e9on,<\/em> <em>La R\u00e9unification Des Deux Cor\u00e9es de Jo\u00ebl Pommerat <\/em>ou <em>Le Misanthrope de Moli\u00e8re<\/em>.<\/p>\n\n\n\n<p>Il obtient sa <strong>licence d\u2019anglais<\/strong> en 2019, puis s\u2019investit pleinement dans sa <strong>formation de l\u2019acteur<\/strong> au <em>Cours Florent Montpellier<\/em>. L\u2019occasion pour lui de parcourir plusieurs r\u00f4les et de jouer notamment <em>Myriam dans La R\u00e9unification des deux Cor\u00e9es de Jo\u00ebl Pommerat (sc\u00e8ne Philtre), Confession de Xavier Durringer<\/em> <em>(monologue), Pyrrhus dans Andromaque de Racine, ou encore Olivier Larsen dans Conf\u00e9rence Iranienne de Ivan Viripaev,<\/em> gr\u00e2ce \u00e0 ses professeur.e.s, com\u00e9diens.ne.s, metteurs en sc\u00e8ne, <em>Julie Rattez, Fr\u00e9d\u00e9ric Poinceau, Dag Jeanneret, Cl\u00e9ment Clavel et Thomas Durand<\/em>.<\/p>\n<\/div>\n<\/div>\n\n\n\n<p>Au cours Florent, Asl\u00e2n prend \u00e9galement des cours de<strong> chant<\/strong> avec comme professeure <em>Danielle St\u00e9fan<\/em>, ainsi que des cours de<strong> voix du corps<\/strong> avec <em>Fabrice Michel<\/em>.<\/p>\n\n\n\n<p>En parall\u00e8le de ses \u00e9tudes, Asl\u00e2n joue dans plusieurs <strong>courts m\u00e9trages<\/strong> comme <em>Amants sans contact (2021), Babel (Travelling &#8211; 2022) et \u00c9toile Filante (Travelling &#8211; 2022)<\/em>.<\/p>\n\n\n\n<p>Asl\u00e2n \u00e0 d\u00e9j\u00e0 travaill\u00e9 sur plusieurs projets de la&nbsp;<em>Compagnie La For\u00eat D\u2019Or<\/em>, dont&nbsp;<em>Th\u00e9odore Ou R\u00eaves<\/em> dans le <strong>r\u00f4le de Louis<\/strong>&nbsp;et&nbsp;<em>La Flamme Dans La Montagne<\/em>, dans le <strong>r\u00f4le de Tulo<\/strong> et en temps qu&rsquo;<strong>assistant \u00e0 la mise en sc\u00e8ne<\/strong>.<\/p>\n\n\n\n<div style=\"height:50px\" aria-hidden=\"true\" class=\"wp-block-spacer\"><\/div>\n<\/div><\/div>\n<\/div><\/div>\n\n\n\n<div style=\"height:60px\" aria-hidden=\"true\" class=\"wp-block-spacer\"><\/div>\n","protected":false},"excerpt":{"rendered":"","protected":false},"author":1,"featured_media":0,"parent":0,"menu_order":0,"comment_status":"closed","ping_status":"closed","template":"","meta":{"neve_meta_sidebar":"","neve_meta_container":"","neve_meta_enable_content_width":"on","neve_meta_content_width":100,"neve_meta_title_alignment":"","neve_meta_author_avatar":"","neve_post_elements_order":"","neve_meta_disable_header":"","neve_meta_disable_footer":"","neve_meta_disable_title":"on","footnotes":""},"class_list":["post-272","page","type-page","status-publish","hentry"],"_links":{"self":[{"href":"https:\/\/compagnielaforetdor.fr\/index.php\/wp-json\/wp\/v2\/pages\/272","targetHints":{"allow":["GET"]}}],"collection":[{"href":"https:\/\/compagnielaforetdor.fr\/index.php\/wp-json\/wp\/v2\/pages"}],"about":[{"href":"https:\/\/compagnielaforetdor.fr\/index.php\/wp-json\/wp\/v2\/types\/page"}],"author":[{"embeddable":true,"href":"https:\/\/compagnielaforetdor.fr\/index.php\/wp-json\/wp\/v2\/users\/1"}],"replies":[{"embeddable":true,"href":"https:\/\/compagnielaforetdor.fr\/index.php\/wp-json\/wp\/v2\/comments?post=272"}],"version-history":[{"count":3,"href":"https:\/\/compagnielaforetdor.fr\/index.php\/wp-json\/wp\/v2\/pages\/272\/revisions"}],"predecessor-version":[{"id":332,"href":"https:\/\/compagnielaforetdor.fr\/index.php\/wp-json\/wp\/v2\/pages\/272\/revisions\/332"}],"wp:attachment":[{"href":"https:\/\/compagnielaforetdor.fr\/index.php\/wp-json\/wp\/v2\/media?parent=272"}],"curies":[{"name":"wp","href":"https:\/\/api.w.org\/{rel}","templated":true}]}}