{"id":13,"date":"2024-03-26T19:13:47","date_gmt":"2024-03-26T18:13:47","guid":{"rendered":"https:\/\/compagnielaforetdor.fr\/?page_id=13"},"modified":"2024-07-07T13:34:22","modified_gmt":"2024-07-07T11:34:22","slug":"lequipe-lucie-jugele","status":"publish","type":"page","link":"https:\/\/compagnielaforetdor.fr\/index.php\/lequipe-lucie-jugele\/","title":{"rendered":"L&rsquo;\u00c9QUIPE &#8211; Lucie JUGEL\u00c9"},"content":{"rendered":"\n<div class=\"wp-block-cover alignfull is-light\" style=\"min-height:224px;aspect-ratio:unset;\"><span aria-hidden=\"true\" class=\"wp-block-cover__background has-nv-site-bg-background-color has-background-dim-100 has-background-dim\"><\/span><div class=\"wp-block-cover__inner-container is-layout-flow wp-block-cover-is-layout-flow\">\n<div class=\"wp-block-group\"><div class=\"wp-block-group__inner-container is-layout-flow wp-block-group-is-layout-flow\">\n<div class=\"wp-block-columns are-vertically-aligned-center is-layout-flex wp-container-core-columns-is-layout-9d6595d7 wp-block-columns-is-layout-flex\">\n<div class=\"wp-block-column is-vertically-aligned-center is-layout-flow wp-block-column-is-layout-flow\" style=\"flex-basis:70%\">\n<h1 class=\"wp-block-heading has-text-align-left has-neve-text-color-color has-text-color\">Lucie JUGEL\u00c9<\/h1>\n\n\n\n<p class=\"has-neve-text-color-color has-text-color\" style=\"font-size:22px\">Com\u00e9dienne \/ Metteur en sc\u00e8ne \/ Autrice \/ Professeure<\/p>\n<\/div>\n\n\n\n<div class=\"wp-block-column is-vertically-aligned-center is-layout-flow wp-block-column-is-layout-flow\" style=\"flex-basis:30%\"><\/div>\n<\/div>\n<\/div><\/div>\n<\/div><\/div>\n\n\n\n<div class=\"wp-block-cover alignfull is-light\" style=\"min-height:600px;aspect-ratio:unset;\"><span aria-hidden=\"true\" class=\"wp-block-cover__background has-nv-light-bg-background-color has-background-dim-100 has-background-dim\"><\/span><div class=\"wp-block-cover__inner-container is-layout-flow wp-block-cover-is-layout-flow\">\n<div class=\"wp-block-group\"><div class=\"wp-block-group__inner-container is-layout-flow wp-block-group-is-layout-flow\">\n<div class=\"wp-block-group\"><div class=\"wp-block-group__inner-container is-layout-constrained wp-block-group-is-layout-constrained\">\n<div style=\"height:60px\" aria-hidden=\"true\" class=\"wp-block-spacer\"><\/div>\n<\/div><\/div>\n\n\n\n<div class=\"wp-block-columns is-layout-flex wp-container-core-columns-is-layout-9d6595d7 wp-block-columns-is-layout-flex\">\n<div class=\"wp-block-column is-vertically-aligned-center is-layout-flow wp-block-column-is-layout-flow\" style=\"flex-basis:66.79%\">\n<div class=\"wp-block-columns are-vertically-aligned-center is-layout-flex wp-container-core-columns-is-layout-9d6595d7 wp-block-columns-is-layout-flex\">\n<div class=\"wp-block-column is-vertically-aligned-center is-layout-flow wp-block-column-is-layout-flow\" style=\"flex-basis:80%\">\n<figure class=\"wp-block-image size-large\"><img loading=\"lazy\" decoding=\"async\" width=\"1024\" height=\"1024\" src=\"http:\/\/compagnielaforetdor.fr\/wp-content\/uploads\/2024\/03\/LucieJugele_Portrait_10-23-scaled-e1711645520490-1024x1024.jpg\" alt=\"Lucie Jugel\u00e9\" class=\"wp-image-91\" srcset=\"https:\/\/compagnielaforetdor.fr\/wp-content\/uploads\/2024\/03\/LucieJugele_Portrait_10-23-scaled-e1711645520490-1024x1024.jpg 1024w, https:\/\/compagnielaforetdor.fr\/wp-content\/uploads\/2024\/03\/LucieJugele_Portrait_10-23-scaled-e1711645520490-300x300.jpg 300w, https:\/\/compagnielaforetdor.fr\/wp-content\/uploads\/2024\/03\/LucieJugele_Portrait_10-23-scaled-e1711645520490-150x150.jpg 150w, https:\/\/compagnielaforetdor.fr\/wp-content\/uploads\/2024\/03\/LucieJugele_Portrait_10-23-scaled-e1711645520490-768x768.jpg 768w, https:\/\/compagnielaforetdor.fr\/wp-content\/uploads\/2024\/03\/LucieJugele_Portrait_10-23-scaled-e1711645520490-1536x1536.jpg 1536w, https:\/\/compagnielaforetdor.fr\/wp-content\/uploads\/2024\/03\/LucieJugele_Portrait_10-23-scaled-e1711645520490.jpg 1722w\" sizes=\"auto, (max-width: 1024px) 100vw, 1024px\" \/><\/figure>\n<\/div>\n<\/div>\n<\/div>\n\n\n\n<div class=\"wp-block-column is-vertically-aligned-center is-layout-flow wp-block-column-is-layout-flow\" style=\"flex-basis:50%\">\n<p class=\"has-text-align-left\">Apr\u00e8s un <strong>Bac + 3 en graphisme<\/strong>, Lucie se consacre \u00e0 <strong>la formation de l\u2019acteur au sein des Cours Florent de Montpellier<\/strong>, avec comme professeur.e.s des com\u00e9diens.ne.s, metteurs en sc\u00e8ne et\/ou r\u00e9alisateur.rice.s : <em>Aur\u00e9lie Turlet, Jean-Michel Portal, St\u00e9phane Laudier, J\u00e9r\u00e9my Azencott, Charles Eric Petit, Jacques Alair, Bela Czuppon et Yves Ferry<\/em>. L\u2019occasion d\u2019\u00e9prouver les pi\u00e8ces du r\u00e9pertoire et de s\u2019exercer \u00e0 la mise en sc\u00e8ne \u00e0 travers un projet de fin d\u2019\u00e9tudes, portant sur la pi\u00e8ce de <em>Tennessee Williams, La M\u00e9nagerie De Verre.<\/em><\/p>\n\n\n\n<p class=\"has-text-align-left\">C\u2019est \u00e9galement \u00e0 travers les Cours Florent que Lucie s\u2019exerce \u00e0 <strong>l\u2019improvisation th\u00e9\u00e2trale<\/strong> avec <em>Caroline Pietrucha<\/em>. Son \u00e9quipe sort <strong>vainqueur et est s\u00e9lectionn\u00e9e pour repr\u00e9senter l\u2019\u00e9cole de Montpellier au F.I.T.<\/strong> (Florent Impro Tour) de 2019.<\/p>\n<\/div>\n<\/div>\n\n\n\n<p class=\"has-text-align-left\">Toujours avec l\u2019\u00e9cole, elle prend des cours de <strong>chant<\/strong> avec <em>Danielle St\u00e9fan<\/em>, de <strong>claquettes<\/strong> avec comme professeur <em>Eric Scialo<\/em> (cours qu&rsquo;elle continue hors \u00e9cole), de <strong>corps en jeu<\/strong> avec <em>Franco Senica<\/em> (performance \u00e0 la ZAT de Montpellier) <strong>puis voix du corps<\/strong> avec <em>Fabrice Michel<\/em>, mais aussi de <strong>diction et lecture \u00e0 voix haute<\/strong> avec <em>J\u00e9r\u00f4me L\u00e9guillier <\/em>puis <em>St\u00e9phane Laudier<\/em>. <br>Elle participe notamment \u00e0 des<strong> lectures \u00e0 la Maison de la Po\u00e9sie Jean Joubert \u00e0 Montpellier<\/strong>.<\/p>\n\n\n\n<p>En parall\u00e8le de sa formation, Lucie tourne dans des <strong>courts m\u00e9trages<\/strong> comme <em>Sans Faire De Bruit (FAC Paul Val\u00e9ry, 2018) et Burn In (ACFA, 2019)<\/em>.<\/p>\n\n\n\n<p class=\"has-text-align-left\">De 2019 \u00e0 2022, elle a \u00e9t\u00e9 <strong>assistante \u00e0 l\u2019enseignement et \u00e0 la mise en sc\u00e8ne<\/strong> de <em>St\u00e9phane Laudier <\/em>(trois ann\u00e9es cons\u00e9cutives), de <em>David L\u00e9on, Bela Czuppon et de Julien Guill<\/em>.<\/p>\n\n\n\n<p>En 2021, Lucie a commenc\u00e9 \u00e0 travailler en tant que<strong> professeure<\/strong> pour la<em> Compagnie Le Moineau<\/em> (Arles) avec les enfants, les ados et les adultes (dont les repr\u00e9sentations de fin d&rsquo;ann\u00e9e se font au th\u00e9\u00e2tre d&rsquo;Arles), ainsi que pour les <em>Cours Florent Jeunesse<\/em> (Montpellier).<\/p>\n\n\n\n<p>Depuis octobre 2022, elle travaille pour la <em>Compagnie Provisoire<\/em> en tant qu\u2019<strong>intervenante \u00e0 la mise en sc\u00e8ne<\/strong>, dans un coll\u00e8ge Z.E.P. dont la repr\u00e9sentation a lieu au th\u00e9\u00e2tre Jean Vilar (Montpellier).<\/p>\n\n\n\n<p>Lucie \u00e0 travaill\u00e9 sur plusieurs projets de la <em>Compagnie La For\u00eat D&rsquo;Or<\/em>, dont <em>Th\u00e9odore Ou R\u00eaves<\/em>, qu&rsquo;elle \u00e0 <strong>mis en sc\u00e8ne<\/strong> et <em>La Flamme Dans La Montagne<\/em>, dont elle est<strong> l&rsquo;autrice, la metteur en sc\u00e8ne et une des com\u00e9diennes<\/strong> (r\u00f4le de Tuli).<\/p>\n\n\n\n<div style=\"height:50px\" aria-hidden=\"true\" class=\"wp-block-spacer\"><\/div>\n<\/div><\/div>\n<\/div><\/div>\n\n\n\n<div style=\"height:60px\" aria-hidden=\"true\" class=\"wp-block-spacer\"><\/div>\n","protected":false},"excerpt":{"rendered":"","protected":false},"author":1,"featured_media":0,"parent":0,"menu_order":0,"comment_status":"closed","ping_status":"closed","template":"","meta":{"neve_meta_sidebar":"","neve_meta_container":"","neve_meta_enable_content_width":"on","neve_meta_content_width":100,"neve_meta_title_alignment":"","neve_meta_author_avatar":"","neve_post_elements_order":"","neve_meta_disable_header":"","neve_meta_disable_footer":"","neve_meta_disable_title":"on","footnotes":""},"class_list":["post-13","page","type-page","status-publish","hentry"],"_links":{"self":[{"href":"https:\/\/compagnielaforetdor.fr\/index.php\/wp-json\/wp\/v2\/pages\/13","targetHints":{"allow":["GET"]}}],"collection":[{"href":"https:\/\/compagnielaforetdor.fr\/index.php\/wp-json\/wp\/v2\/pages"}],"about":[{"href":"https:\/\/compagnielaforetdor.fr\/index.php\/wp-json\/wp\/v2\/types\/page"}],"author":[{"embeddable":true,"href":"https:\/\/compagnielaforetdor.fr\/index.php\/wp-json\/wp\/v2\/users\/1"}],"replies":[{"embeddable":true,"href":"https:\/\/compagnielaforetdor.fr\/index.php\/wp-json\/wp\/v2\/comments?post=13"}],"version-history":[{"count":18,"href":"https:\/\/compagnielaforetdor.fr\/index.php\/wp-json\/wp\/v2\/pages\/13\/revisions"}],"predecessor-version":[{"id":333,"href":"https:\/\/compagnielaforetdor.fr\/index.php\/wp-json\/wp\/v2\/pages\/13\/revisions\/333"}],"wp:attachment":[{"href":"https:\/\/compagnielaforetdor.fr\/index.php\/wp-json\/wp\/v2\/media?parent=13"}],"curies":[{"name":"wp","href":"https:\/\/api.w.org\/{rel}","templated":true}]}}